alse
Let m(p) be the first derivative of 2/3*p**3 - 9/2*p**2 - 4 + 4*p. Is m(6) prime?
False
Suppose -49 = -2*u - d - 0*d, 3*u - 3*d = 51. Is u prime?
False
Let x = 152 + -86. Let l = 97 - x. Is l a composite number?
False
Suppose 2*w + 50 = -28. Suppose 3*m + 512 = 140. Let l = w - m. Is l a composite number?
True
Let l = 120 + -190. Let j = -44 - l. Let b = 39 - j. Is b a prime number?
True
Let w(a) = a**3 + 7*a**2 + 5*a + 8. Let g be w(-6). Suppose 5*c + 0*c = 2*t + 63, t = -c + g. Is c prime?
True
Suppose 0 = 2*j - 6*j - 56. Is (4/j)/(4/(-28)) composite?
False
Is (4/6)/(1/(-255)*-2) a prime number?
False
Suppose 290 = 3*h + 4*s, 4*h - 29 = -4*s + 355. Is h a composite number?
True
Let w = 256 - -301. Is w a prime number?
True
Suppose -4*s = r - 777 - 14, s - r - 204 = 0. Is s a prime number?
True
Let w = -21 + 6. Suppose -l - s = -22, 1 = -2*l - 5*s + 33. Let p = w + l. Is p a prime number?
True
Suppose 0 = -4*l + 166 + 450. Suppose -5*k + l = -141. Is k composite?
False
Let s(m) = -m**3 + 2*m**2 + 2*m - 2. Let d be s(2). Suppose -16 = -5*i - 6. Suppose -d*z - 9 + 45 = -2*f, 4*z - 78 = i*f. Is z composite?
True
Is (4 + 2331)/(-1 - -2) prime?
False
Suppose v - 230 = -5*k, -2*k - 2*v = -7*k + 215. Suppose -m + 8 = -k. Is m a prime number?
True
Suppose 7 = 3*i - 2. Suppose 96 - 774 = -i*y. Is y composite?
True
Let f(p) = -62*p - 3. Is f(-2) a composite number?
True
Let j = -5 - -9. Suppose 5*u = 2*v + 1034, u - 636 = -2*u - j*v. Suppose 4*d = 3*d - 5*i + 43, 2*i - u = -4*d. Is d composite?
False
Suppose 0 = 6*z - 2*z - 3*r - 2332, -r = -2*z + 1166. Is z a composite number?
True
Is -1255*(-5 - -10)/(-5) prime?
False
Suppose 4*t + 0*i - 16 = i, 0 = 5*t + 3*i - 3. Suppose -t*q + 24 = q. Suppose -8 = -2*u - 3*v + q, 4*u + 2*v = 36. Is u composite?
True
Suppose -5*i - 1 = 2*s, -4*i = 3 + 1. Suppose s*y - 37 = 7. Is y a composite number?
True
Let d = -167 + 574. Is d prime?
False
Is 40/60*(-531)/(-2) prime?
False
Suppose 3*o + 1 = 2*o. Is 53/(-2)*2/o a composite number?
False
Let m(w) = -w**3 + 5*w**2 + w - 7. Let a be m(5). Is (106/5)/(a/(-5)) composite?
False
Is 2/2*(538 - 5) a prime number?
False
Let v(x) = 77*x**2 + 1. Let n be v(1). Let i = n + 145. Is i composite?
False
Let j be 3/4 + 244/16. Let p(f) = f**3 + f**2 - f + 5. Let o be p(0). Suppose 5*y - 3*u = 73, -o*y + 4*y + 2*u + j = 0. Is y prime?
False
Suppose 5*u = 3*d + 2 - 5, -4*u = 5*d - 42. Suppose -p = -d*p + 10. Is (-1)/(3/(-117)) - p composite?
False
Let s(j) = j**3 - 7*j**2 - 7*j - 8. Let y(o) = o**2 + 3*o + 4. Let z be y(-4). Let r be s(z). Suppose r = 5*h - 3*h - 158. Is h a composite number?
False
Let w = -536 + 1491. Is w composite?
True
Let y(d) = 18*d**2 - d + 9. Is y(-8) composite?
True
Let f(w) = -w**2 - w + 631. Is f(0) a composite number?
False
Suppose k - 5 = 0, -q + k + 957 = q. Is q composite?
True
Let j(i) = -29*i - 25. Suppose -2*n - 3*b - 35 = 0, -n + 5*b + 5 = -10. Is j(n) a prime number?
False
Suppose 12 = -3*x, -2*r - 5*x + 724 - 162 = 0. Is r composite?
True
Let w = -1102 + 1920. Is w composite?
True
Suppose -r - r = -54. Suppose -d + 48 = -r. Is d + (-3 - -1) + 1 a composite number?
True
Suppose -3*c - 1005 = -3*v, c - 3*c - 673 = -3*v. Let x be -1 + (0 - 1*c). Suppose 0 = 3*m + 15, 2*i - x = -3*m - 24. Is i composite?
True
Suppose -4*b = -1036 + 240. Is b prime?
True
Let v(u) = -u**3 - 6*u**2 - 5*u + 3. Suppose 3*h + 9 + 1 = z, 15 = -4*h + z. Let y be v(h). Suppose -7*n = -y*n - 56. Is n composite?
True
Let l = -53 + 90. Is l composite?
False
Suppose 2 + 4 = 3*s. Suppose -a - w - 218 = 3*w, -s*w + 1046 = -5*a. Let y = -121 - a. Is y prime?
True
Let m(q) = -57*q - 6 + 3 + 0 - 4*q. Is m(-2) a prime number?
False
Let i(x) = -x**3 + 4*x**2 + x + 4. Let v be i(4). Let l(t) be the second derivative of t**4/4 + t**3/6 + 11*t**2/2 + 26*t. Is l(v) a prime number?
True
Let f = -5 + 9. Let i = -1 + f. Let t(r) = 4*r**3 - 3*r**2 - 2*r - 1. Is t(i) a composite number?
True
Suppose -8*a + 12*a - 18580 = 0. Is a composite?
True
Let d(u) = -169*u + 3. Is d(-2) a composite number?
True
Suppose 3*t = -9, -3*j = -j - 4*t - 12. Let g be (-3)/(-9)*3 + j. Is 2*(0 + g) + 5 prime?
True
Suppose 6*n = -1027 + 10849. Is n composite?
False
Suppose 0 = 4*b + 2*l - 26, -4*l + 31 = 5*b - 2*l. Let y = 28 - b. Is y a composite number?
False
Let r(z) = 7*z**2 - 9*z + 2. Let j(w) = 11*w**2 - 13*w + 3. Let x(i) = 5*j(i) - 7*r(i). Let v be x(1). Let l = v + 4. Is l composite?
True
Suppose -g = -w + 254, -2*g - 242 = -w + 3*g. Is w prime?
True
Suppose 2*o = 2*c, c + 2*c - o = 0. Suppose -v - 6*n + n + 28 = c, 0 = v - 2*n - 35. Is v a composite number?
True
Let i(f) = -f + 3. Let b be i(6). Let p = -1 - b. Suppose -a + z = -p*a + 5, 4*z + 34 = 5*a. Is a a composite number?
True
Let b(r) = r**2 + 6*r + 3. Let c be b(-6). Let g(m) = 5*m**2 - m**3 + 2 + c + 3*m**2 - m. Is g(6) composite?
False
Let o = -3 + 6. Let j = 8 + o. Is j prime?
True
Let o be (-10 - -4)/(4/10). Let i = o + 40. Is i composite?
True
Suppose -2*z = 2*f - 1435 - 4647, 4*z = 3*f - 9109. Is f a composite number?
True
Is 2*106*(-4)/(-8) a composite number?
True
Let a be ((-19)/3)/((-2)/6). Suppose t = 30 + a. Is t a composite number?
True
Let x = 0 - -4. Suppose -x*j - 272 = -868. Suppose 2*c - j + 15 = 0. Is c a prime number?
True
Let y be (21447/(-9))/(-2 + 1). Suppose d + 487 = -2*w, -y = -d + 6*d - 3*w. Is d/(-13) - 4/(-26) prime?
True
Suppose o - 2*s - 10 = 6*o, 4*o = 2*s - 26. Let d be ((-4)/6)/(o/1842). Suppose -4*k + d = g, -5*g - 159 = k - 3*k. Is k composite?
True
Suppose 0 = -3*o + 5*b + 1956, -o - 4*o + 3*b = -3244. Is o composite?
False
Suppose -76 - 54 = -h - 4*s, -532 = -4*h - 4*s. Let x = 319 - h. Is x a prime number?
False
Let j(l) = 7*l**2 - 5*l - 1. Is j(-3) prime?
False
Let a(i) = 4*i**2 + 5*i - 5. Is a(-6) composite?
False
Suppose -23 = -4*s + 125. Is s a composite number?
False
Let m be (-363)/4*-1*-4. Let z = 872 + m. Is z a composite number?
False
Let n(u) = 0 + 47*u + 0. Let i = 2 + -1. Is n(i) prime?
True
Let q(x) = x**2 + 3*x + 1. Let k be q(-2). Is (-3 - k)/((-2)/11) a composite number?
False
Suppose -3*s = -2*s + 2. Let n be (-4)/2*2/(-4). Is 0/(s + n) + 31 prime?
True
Suppose -w - 35 + 148 = 0. Is w a prime number?
True
Let p = 475 - 134. Is p a composite number?
True
Let x = -714 + 1631. Is x prime?
False
Let t(d) = d + 1. Let b(r) = 2*r - 4. Let q(i) = b(i) - 3*t(i). Let n be q(-9). Let a(k) = 7*k**3 - k**2 + 2*k - 3. Is a(n) prime?
True
Suppose -3*y = -5*y + 2954. Is y composite?
True
Let t = 1 + -5. Let y(h) = h**3 - 4*h**2 + 4*h. Let q be y(3). Is (-78)/t*4/q composite?
True
Let s(p) = 3*p + 21. Let b be s(22). Let i be (1 - 2) + 1*6. Suppose 2*j + 0*z - 3*z = 146, i*z + b = j. Is j composite?
False
Let j(w) = -w**3 - 4*w**2 + 5*w. Let u be j(-5). Let n = u - -5. Suppose -107 = n*o - 532. Is o prime?
False
Suppose 415 = 4*u - 3*u. Is u composite?
True
Let n = 2 - 4. Is 6 + (-5 - n) + 43 a prime number?
False
Let m(i) = 5*i + 10. Is m(9) a prime number?
False
Let b = 587 + -299. Let d = b - 182. Is d a composite number?
True
Let y(l) = -l**3 + 12*l**2 + l + 13. Is y(10) prime?
True
Suppose -2*x = x - 6. Let a(u) = 23*u**2 + 78*u**2 + 2*u - 1 + 25*u**x. Is a(1) prime?
True
Suppose -2 = 4*r - 2*n + 6, 5*r + 3*n = 1. Is 13/(-2)*-12 - r composite?
False
Let v be 4 + 0 + 2/(-1). Suppose v*n = -4*g + 166, 0 = 3*g - 0*g - 9. Is n a prime number?
False
Suppose -b - 18 = 3. Let d = b - -58. Is d a prime number?
True
Let f(r) = 799*r - 2. Is f(1) prime?
True
Let d(j) = 350*j - 1. Is d(4) prime?
True
Let d(o) = -o**3 + 15*o**2 + 10*o - 13. Is d(7) composite?
False
Let r = -866 - -1277. Is r a composite number?
True
Suppose 6*y - 2*y - 16 = 0. Suppose 4*d = y + 448. Is d composite?
False
Suppose -17*f + 52913 = -20442. Is f a prime number?
False
Let z be 1*((0 - 7) + -3). Suppose -5*t - 5*a = 5, -2*t + 2*a = -t + 10. Is t/z - (-1012)/20 a composite number?
True
Let p = -11 + 15. Suppose 97 = p*t - 115. Is t a composite number?
False
Suppose -2*z + 4*v - 6 = 2*v, -47 = 5*z + 3*v. Let g = 7 + z. Suppose -5*y + 862 + 453 = g. Is y prime?
True
Let y = 1472 - -111. Is y composite?
False
Suppose -2*l - o = 11, 0 = 4*o - 2 + 22. Is l + 2*(-83)/(-1) prime?
True
Suppose -33 - 9 = 7*i. Suppose x = -0*x + 4. Is (i/9)/